se -j = -18 + 5. What is the units digit of j?
3
Suppose 5*v - 125 = -4*q, 2*v + v - q - 58 = 0. Let i = v - 9. What is the units digit of i?
2
Suppose -42 = 4*f - 5*n + 105, -4*n - 80 = 2*f. Let l = f + 19. Let u = l + 31. What is the tens digit of u?
1
Let a(i) = i - 1. Let c be a(3). Let k be 4/c - -2 - 0. Let m(s) = 2*s - 1. What is the units digit of m(k)?
7
Suppose -h - 25 = 4*h. Let p be ((-8)/2)/(h + 4). Let u = 16 - p. What is the units digit of u?
2
Let p(l) = -12*l - 2. Let m be (0 + 2 - 4)*1. Let q be p(m). Let n = q + -9. What is the tens digit of n?
1
Suppose -3*x - 6 = 3*a - 3, 2*x = -a - 4. Let j = 8 + x. Suppose -5*b - j*i + 71 = -i, 0 = -2*b + 4*i + 34. What is the tens digit of b?
1
Suppose 33*c - 702 = 30*c. What is the tens digit of c?
3
Suppose 2*s = 5 + 5. Suppose 0 = s*l - 16 + 6. Suppose 83 = 4*q - 3*t + 14, -l*t - 95 = -5*q. What is the units digit of q?
1
Let q be 112/(-10)*(-1 - -6). Let x = q + 39. Let i = -9 - x. What is the units digit of i?
8
Suppose 4*g = 16 + 28. What is the tens digit of g?
1
Let b = 24 + -13. Let r = b - 4. What is the units digit of r?
7
Suppose c + 50 = 4*r, 3*r + 5*c - 10 = 39. Let d = r + -8. Suppose 3*l - 4 - d = 0. What is the units digit of l?
3
Suppose -2*y + 33 = -5*q, 3*y - 3*q = -y + 45. Let g be (y/3)/((-6)/(-28)). Suppose 2*l - g = -2. What is the units digit of l?
6
Suppose 3*n - 20 = -3*u - u, -5*u + 4*n - 6 = 0. Suppose -4*k = 2*z - 18, z + k = u*z. Let t(v) = -v**2 + 4*v + 1. What is the units digit of t(z)?
4
What is the tens digit of (-2)/4*(6 - 80)?
3
Let l(w) = -w**3 - 6*w**2 - w - 4. Let r be l(-6). What is the units digit of (-1 + r)*(9 + -3)?
6
Let u be (-7 - (0 - 1))/1. Let t be 1*2/u*0. What is the units digit of (2 - -7) + 0 + t?
9
Let v(d) = d**3 + 7*d**2 - 8*d + 2. Let i be v(-8). Suppose -i*g = 2*g - 16. Suppose z = g*z - 15. What is the units digit of z?
5
Let n = 13 + -7. Let u(o) = o**3 - 6*o**2 + 5*o. What is the units digit of u(n)?
0
Let v be (-1)/1 + 3 + -2. Let q be (6/3 + -3)*-3. Suppose 2*d + w - 1 = v, q*d - 3*w = d + 5. What is the units digit of d?
1
Let x = 3 - -2. Suppose x*b - 40 = -0*b. What is the units digit of b?
8
Let k(g) = -5 + 2*g**3 + 6 + 9*g - 3*g**3 - 7*g**2 - g. Let o be k(-8). Suppose m - o - 7 = 0. What is the units digit of m?
8
Let r = -20 - -173. What is the units digit of r?
3
Suppose a + 4*r = 188 + 66, 0 = 4*a + 5*r - 972. What is the units digit of a?
8
Let i be (-24)/20*(-20)/6. Suppose 4*n + 16 = x, x - i = n - 0*x. What is the units digit of 80/14 + n/(-14)?
6
Let l = -47 - -29. Let y = l + 31. What is the units digit of y?
3
Let j(a) = -a**2 + a + 1. Let c(n) = -4*n**2 - 2. Let d(o) = -c(o) + 5*j(o). Let p be d(6). What is the units digit of ((-2)/(-4))/(p/22)?
1
Suppose -3*m + 893 = 4*p, 2*p + 11*m = 9*m + 444. What is the tens digit of p?
2
Let m = 316 + -212. What is the units digit of m?
4
Suppose -2*g - 3*g + 10 = 0. What is the tens digit of g/(8/460*5)?
2
Suppose -5*h - 13 = -2*j - 0*j, -2 = -j - 2*h. Suppose -3*o = 2*a - 57, j*a + 34 + 42 = 4*o. What is the units digit of o?
9
Suppose 8*r - 9*r = -18. Let g be 3/((r/(-10))/(-3)). Suppose 0*k = g*k - 45. What is the units digit of k?
9
Let g(j) = j**3 - 6*j**2 + 2*j + 2. Let m be g(5). What is the units digit of (m/4)/((-1)/4)?
3
Suppose 5*a - 2*m - 18 - 58 = 0, -2*m - 34 = -2*a. Let z = a + -6. What is the units digit of z?
8
Let v be (0 + 2)/(2/3). Suppose 3*w + 0*w - 3*r - 84 = 0, 5*w = v*r + 144. What is the tens digit of w?
3
Let o(h) = -h + 3. Let y be o(-3). Let w = 9 - y. What is the units digit of w?
3
Let w(p) = 2*p - 7. What is the units digit of w(11)?
5
Let o(a) = -2*a - 4. Let w(y) = -y - 1. Let x(v) = -3*o(v) + 12*w(v). Let k be x(-1). What is the units digit of 27/k + 1/2?
5
Let p(r) = r - 5. Let k be p(11). What is the units digit of 13/k + 3/(-18)?
2
Let w = 101 + 114. What is the units digit of w?
5
Let m be (-9 + 0)*(-2)/6. Suppose 4*w + 3*p = 37, 5*w - 2*p - 26 - m = 0. What is the units digit of w?
7
Let q(m) = m**2 - 32*m + 56. Let c be q(30). Let h(f) = -2 - 4*f + f + 0*f. What is the tens digit of h(c)?
1
Let c be (2 + (-16)/14)*-7. Let h be (-18)/4*4/c. Suppose -s = -h - 1. What is the units digit of s?
4
Let z be (-2)/3 + (-11)/(-3). What is the units digit of (2 - 1 - -6) + z?
0
What is the units digit of 2*(-3 - -2)*(-77)/14?
1
Suppose 2*v = 4*v - 86. What is the units digit of v?
3
Suppose 1 = k + 2*m, 2*k - 9 = k + 2*m. Suppose 4*d - 80 = 4*q - 0*q, -k*d = 4*q - 73. What is the tens digit of d?
1
Let c = 60 - 13. Let t = 67 - c. What is the units digit of t?
0
Suppose 2*i - 3*o = 4*i - 39, 2*i + 2*o - 38 = 0. What is the tens digit of i?
1
Suppose 138 + 30 = 3*z. What is the units digit of z?
6
Let k(q) = -q**3 - 5*q**2 - q + 2. Let g be k(-5). Let b = g + -5. Suppose 0 = 2*u + a - 17, -b*u + 5*a + 1 + 10 = 0. What is the units digit of u?
8
Let f(v) be the first derivative of -v**4/4 + 8*v**3/3 + 9*v**2/2 - 4*v - 2. Let g be f(9). Let s = -3 - g. What is the units digit of s?
1
Let s(m) = -m**3 + 9*m**2 + 5. Let p be s(9). Suppose k + p*n = -4*k + 90, 5*n = k + 12. What is the units digit of k?
3
Let q be (0 - 2) + (-2)/(-1). Suppose q*j - 2*t - 24 = -2*j, -4*t - 12 = -j. What is the units digit of j?
2
Suppose v + 0*v + 5*d - 104 = 0, 0 = -4*v + 4*d + 416. What is the hundreds digit of v?
1
Suppose -t + z - 244 = -5*t, 5*t + 5*z - 320 = 0. Suppose 0 = 4*c - c - t. What is the units digit of c?
0
Suppose -6 = 2*h - 16, -3*q - 4*h = 1. Let u = -4 - q. What is the units digit of u?
3
Suppose k - 5*l + 4 = -12, 0 = -4*k - 3*l + 28. Suppose -5*m + 14 = k*b, b = -3*m + 4*b + 3. Suppose -m*t + 12 = -8. What is the tens digit of t?
1
Suppose 0 = 2*z + 3*i - 19, 8*i - 35 = -5*z + 3*i. Suppose 5*u + 10 = 5*d, 5*u + z - 22 = -d. Let o = d - -1. What is the units digit of o?
6
Let x = 7 + -5. Suppose 3*z - u = 0, -x*z - u = 2*u. Suppose z*o + 15 = 3*o. What is the units digit of o?
5
Let i = 70 - 30. Suppose -4*l = -3*l - i. Suppose 0 = -0*w + 4*w - l. What is the units digit of w?
0
Suppose -10*j + 973 = -17. What is the units digit of j?
9
Let k = 16 - 10. Let h = k + -2. Let x(z) = z + 1. What is the units digit of x(h)?
5
Suppose -3*j - 5*p = -74, -p = 5*j + 2*p - 150. What is the tens digit of j?
3
Let o(p) = -p**3 + 10*p**2 - 10*p + 2. What is the tens digit of o(8)?
5
Let p = 9 + -5. Suppose 4*m - 22 = -0*r - r, -p*m + 142 = 5*r. What is the units digit of r?
0
Suppose 3 = -3*w + 15. Suppose 15 = 5*d, 4*u + 2*d - 22 = w. What is the units digit of u?
5
Let l = -31 + 63. What is the tens digit of l?
3
What is the hundreds digit of 2/(-4) - (-2385)/18?
1
Let a(t) = t**2 + t. Let b(o) = -4*o**2 - o. Let q be b(-1). Let u be a(q). Suppose 2*c = u*c - 68. What is the tens digit of c?
1
Let a = 51 + 9. Suppose -a = 5*z - 0. What is the units digit of 1/(-3) + (-112)/z?
9
Suppose -2*z - 3*u = -3*z + 15, -4*z = -2*u - 100. What is the units digit of z?
7
Let m(t) = -t**2 + 8*t. Suppose -3*w - 1 + 76 = 0. Let p = w + -18. What is the units digit of m(p)?
7
Suppose 93 = 5*m + 2*l + 37, -2*m + 2*l = -28. Let c = 14 - 20. Let d = m + c. What is the units digit of d?
6
Let s(f) = -f - 1. Let g(n) = 3*n + 16. Let a(i) = g(i) + 2*s(i). Let k = 8 - 15. What is the units digit of a(k)?
7
What is the units digit of ((-159)/4)/(-3)*4?
3
Let a be 0 - -3*4/3. Suppose 0 = 4*t - 2*j, -a*t + j + 1 = -3. What is the units digit of t?
2
Suppose 0 = 12*h - 7*h. Suppose f = -h*f, 3*k - 4*f - 117 = 0. What is the units digit of k?
9
Let d(c) = -c**2 - 4*c + 7. Let k be d(-5). Suppose -5*j = 3 + k. What is the units digit of (-9)/(-2) + j/2?
4
Let y(b) = 14*b**2 + 2*b - 2. What is the tens digit of y(1)?
1
Suppose 0 = -0*c + 5*c - 20. Suppose 14 = c*p - 0*d + 2*d, 0 = 5*p + 3*d - 16. What is the units digit of p?
5
Suppose 10 = -5*d + 7*d, a = -2*d + 289. What is the units digit of a?
9
Let q = 79 + -24. What is the tens digit of q?
5
What is the units digit of 1 - -142 - 0 - (-20 - -23)?
0
Let n(u) = 5*u + 4. What is the tens digit of n(4)?
2
Let w = 310 + -78. What is the hundreds digit of w?
2
Let x(w) = -47*w**2 + 2*w + 1. Let r be x(-3). What is the tens digit of r/(-18) + 12/54?
2
Let h be -8 + (-2 - 0)/(-1). Let x(c) = c**2 + 5*c - 5. Let s be x(h). Suppo